+ i**2 + 12*i - 11. Is w(-10) composite?
True
Suppose -b + 182 = 6*b. Suppose 4 - b = -k. Suppose -5718 = -k*g + 16*g. Is g a prime number?
True
Suppose 3*d + 3*s - 2*s = -4, 5*d - 4 = s. Let z(g) = 3*g + 629. Let h(u) = -2*u - 628. Let l(c) = 4*h(c) + 5*z(c). Is l(d) prime?
False
Let v(y) = -41*y - 1545. Is v(-46) prime?
False
Suppose -3*g - 5*p - 20 = -0, g - 4*p = 16. Suppose g = -4*d + 51 + 73. Suppose 34*x = d*x + 2391. Is x a prime number?
True
Suppose -4*d = 4*x - 32, -d - 12*x + 2 = -14*x. Is d*1 + -1 - (48 - 734) prime?
True
Suppose 3*v - 11 - 4 = 0. Suppose x + 9 = 3*w, -v*w + 4*x = -x - 15. Suppose 0 = -w*t + 4157 - 806. Is t composite?
False
Let l be (-6 - (-11 + 0)) + 163347. Suppose -l = 8*z - 16*z. Is z a prime number?
False
Let y = -316 - -427. Let r = y - -1736. Is r a prime number?
True
Let f = 3276 + 22219. Is f a composite number?
True
Suppose 3*w = -5*s + 5732, 4*s = 4*w + s - 7633. Suppose -2640 = -k + 16*k. Let g = w + k. Is g composite?
False
Suppose -16*u + 22*u - 6 = 0. Is 0 - 3 - (0 + -2822 + u) composite?
True
Suppose 135*s + 4*s = 47579561. Is s composite?
False
Is (-9 - (-108)/6) + -8 + 15226 a composite number?
False
Let o(q) = -3*q**3 - 3*q**2 - 2*q - 5. Let h = -8 + -30. Let z = h - -32. Is o(z) prime?
True
Suppose 81590331 = 1037*n - 800*n. Is n composite?
False
Suppose j + 3008 + 3182 = 3*q, -q + 2*j = -2065. Let s = 2358 + q. Is s a prime number?
True
Suppose z - 2*z - 3*f = -645, z + 5*f - 645 = 0. Let d = 16 - 14. Suppose d*q + z = y, 5*y - 4*q = y + 2584. Is y a composite number?
False
Suppose 8*t - 17*t = -18. Suppose n + 507 = 2*n - t*m, 4*m = -2*n + 1006. Is n composite?
True
Let f be (-2)/(-4) + 10/4. Let u be 11/f + (-16)/24. Suppose -4*g - 266 = -5*l - 5*g, -3*l = u*g - 162. Is l prime?
True
Let g(c) = -197*c + 13. Let b(w) = -65*w + 4. Let f(n) = 7*b(n) - 2*g(n). Is f(-5) composite?
False
Let p(l) = 26*l**2 + 3*l - 4. Suppose 0 = -3*q + 5*g - 19 - 22, -5*q - 47 = -3*g. Let r = q - -4. Is p(r) composite?
True
Let a(q) = 12 + 105 + 16 - 12 + 71 - 1853*q. Is a(-17) a composite number?
True
Let k = 313282 + -82839. Is k prime?
False
Suppose 0 = -5*x + k + 16, -3*x - 2*x = k - 14. Suppose z - 61 = -n, -101 = -x*z - n + 90. Is z a composite number?
True
Let q(a) = 2*a + 16. Let y(z) = -5*z - 47. Let o(x) = -8*q(x) - 3*y(x). Let f be o(8). Suppose -f*v - 70 = -315. Is v composite?
True
Suppose 4 = 2*z, 3*l + 2*l = -2*z + 139. Suppose 16597 = -20*y + l*y. Is y prime?
True
Let x(l) = -79*l**3 - 57*l**2 - 268*l - 17. Is x(-5) a composite number?
True
Let j(i) = -i**3 + 11*i**2 + 3. Let g(x) = x**2 - 7*x + 3. Let h be g(8). Let t be j(h). Is t/(-21)*2 - 45807/(-21) prime?
False
Let u = -1753 - -4721. Let k = 6999 + u. Is k prime?
True
Suppose 5*l = 5*g + 7*l - 6235, 3*l = -15. Is g prime?
True
Let j = 858 - 107. Is (6 - j/2)*-2 composite?
False
Is 1514/2*((-44)/528 + 34959/36) composite?
True
Let f be (192/(-42) - -4)/(2/(-7)). Suppose 8*u - 8 = x + 3*u, -12 = -4*x - f*u. Suppose -y = x*c - 194, -610 = -2*y - y + c. Is y prime?
False
Suppose 3012674 - 34597660 = -166*f. Is f prime?
True
Suppose 3*q + 3*c - 66655 = -2*q, c + 66675 = 5*q. Let g = -8697 + q. Is g a prime number?
True
Let i(s) = s**2 + 2*s + 582. Let v(w) = w - 1. Let n(z) = i(z) - 4*v(z). Is n(0) prime?
False
Let r(o) = -13*o + 28. Let a be r(-7). Let x be a/(-2)*(-180)/21*1. Let u = -139 + x. Is u prime?
False
Suppose p + 2153483 = 3*z - 114130, 2*p + 1511750 = 2*z. Is z a prime number?
True
Is 114/(-95)*-100967 + (3 - (-66)/(-15)) a prime number?
False
Let i = 12280 - 5909. Is i a prime number?
False
Let f = -22 - -95. Let l = f + -71. Suppose -l*m - 2 = -0, 3*m - 642 = -3*p. Is p a prime number?
False
Let s = -102042 - -191683. Is s a prime number?
False
Suppose -5*o - 5*i = -955, 3*i - 1159 = -5*o - 206. Is o/76 + 54042/4 a prime number?
True
Is 549817 - 0/(-4)*3/18*3 composite?
False
Is (-1)/24*-6999332 - (-5)/30 prime?
False
Let p = 7 + -11. Let n(j) = j**3 + 19*j**2 + 89*j - 7. Let x be n(-9). Is (x/p*2)/((-3)/1761) a prime number?
True
Suppose 7*d + 435384 = -6*d + 1747747. Is d composite?
True
Let q(g) = 5887*g + 10. Is q(7) composite?
True
Let u(s) = 13*s - 39. Let o be u(3). Suppose 4*t - 21*t + 8381 = o. Is t prime?
False
Suppose -1507*c + 1494*c = -3074747. Is c a composite number?
False
Suppose 0 = 162*l - 173*l + 915695. Is l a composite number?
True
Let d = -3590 - -31479. Is d composite?
True
Let i(v) = -6*v + 12. Let k be i(2). Suppose -40716 = -4*f - 5*y + 22014, -5*f + 4*y + 78433 = k. Is f a prime number?
False
Suppose 6018242 = -172*r + 28157566. Is r prime?
True
Let o be -2 + 1320 - (-8)/(-20)*10. Let l = o + -617. Is l a composite number?
True
Let g = -8980 - -23367. Is g a composite number?
False
Let j(g) = 534*g**2 - 98*g - 295. Is j(21) prime?
True
Suppose -h + 79 - 24 = 0. Let d = h + -53. Suppose d*t - t - 699 = 0. Is t a prime number?
False
Suppose -11*g + 9 = -24. Suppose 0 = -8*c + g*c + 123940. Is (c/(-10))/(4/(-10)) prime?
True
Let b(m) be the third derivative of -m**4/24 - 3*m**3 + 16*m**2. Let j be b(-22). Suppose l - 1348 = -r - r, 5*r - j*l - 3357 = 0. Is r prime?
True
Suppose -4*b = 25 - 29. Let t(r) = -r**2 - r. Let c(m) = 3*m**2 - 12*m - 6. Let d(j) = b*c(j) - t(j). Is d(-7) prime?
False
Let x(y) = 44*y**2 - 453*y - 14. Is x(-9) a prime number?
False
Let v(l) = -75*l - 75. Let s be v(-1). Is (-10)/(-2) + (s + 4 - -25988) a composite number?
False
Let u = -15 + 33. Let q = u + -18. Is 3 - (q/(-1) + -782) prime?
False
Suppose -2051161 = -46*d - 1750278 + 19067463. Is d a composite number?
True
Suppose -2*f - 152 = -0*f + 2*z, 4*f + 3*z = -300. Let h = f - -263. Is h composite?
False
Let p be 4 - -3*((-8)/(-3) - 3). Suppose 4*s - 4189 = -p*v, -4*v + 2*s + 5606 = -3*s. Is v a composite number?
False
Let o = -1421 - -2082. Let p = 3723 - o. Is p composite?
True
Let v(g) = g**2 - 108*g - 106*g + 195*g - 407. Is v(57) composite?
False
Suppose -3*k = -7*m + 2599300, -2*m - k + 642907 = -99752. Is m prime?
False
Let i = -1609 + 14066. Let h = 18464 - i. Is h a prime number?
True
Is ((-4)/(-3))/((-6)/9) - -256571 composite?
True
Let y be (4884/(-14))/(12/(-84)). Suppose -y = -s + 5*l, -3*s + 4*l + 2447 = -2*s. Suppose 4*n - c = 4945, 5*n - 3709 - s = 3*c. Is n prime?
True
Suppose -12*p = -6823 - 428549. Suppose 22367 + p = 8*z. Is z prime?
True
Let u = -36 - -37. Let i be u/(12/30006)*-2. Let n = 8260 + i. Is n a composite number?
False
Let r = 10584 - 6336. Suppose r = -3*m + 20631. Is m a composite number?
True
Let y = 354 + -360. Is ((-9)/18)/((-3)/y)*-5153 a prime number?
True
Let w = -4646 - -84763. Is w a composite number?
True
Suppose -11*m = -16*m + 15. Suppose 0 = -m*v + 1354 + 2402. Let y = -461 + v. Is y a composite number?
True
Suppose -5*z = 5*f - 125, z - 4*f + 0 = 40. Suppose m - 20 = 2*r - r, -5*r + z = 3*m. Is 568/m + (-1)/2 composite?
True
Let j = 70 + -64. Suppose -j*c - 33*c + 1025427 = 0. Is c a composite number?
False
Suppose 2*c - 3 = g - 2, -3*c + 2*g = 1. Is (-5610)/(-20)*((-4)/c)/(-2) a prime number?
False
Let r = 477871 + -160344. Is r a composite number?
True
Let r(v) = -21*v + 191. Let a be r(10). Let u(w) = w**3 + 23*w**2 + 19*w - 34. Is u(a) a prime number?
True
Is ((-79)/(-2))/((-4)/(-14) + (-2705913)/9475326) prime?
False
Suppose -4*c + 9 = -7*c. Let o be (-5204)/(9/(-3) + c - -4). Let q = o + -1073. Is q prime?
False
Let k be ((-18)/3)/(-5 + 35/10). Let n(v) = 724*v + 17. Let x(l) = -l. Let s(i) = n(i) + 4*x(i). Is s(k) prime?
True
Suppose y + 1 = -b + 9, 4*b - 27 = -3*y. Suppose -1486 = -l + b*u - 603, 3*l - 2633 = u. Is l a composite number?
False
Let s be (-2)/6*(-21 + 21). Is (-7043)/(-1*(1 + s)) composite?
False
Let n = -87 - -90. Is -6 + 3288/3 - n composite?
False
Let l(i) = -163*i - 5. Suppose -3*r = 3*w - 21, 3*r - 35 = -2*r + 2*w. Let h be l(r). Let o = 1709 + h. Is o prime?
True
Suppose 58*j - 1627257 = 1078913 + 2899124. Is j composite?
False
Let h(p) = -p**2 + 16 - 19 - 4*p - 6*p. Let a be h(-7). Is 6/a + 632/3 composite?
False
Suppose -7*d + 2 = -9*d, -4*k + d = -85573. Suppose -26*w + 95425 = -k. Is w composite?
False
Suppose 5*u - d - 122680 = 0, 5*d + 0*d + 73586 = 3*u. Let x = u - 14240. Is x composite?
True
Is ((-2599320)/(-72))/((-5)/(-3)) composite?
False
